 of 14 and 273?
7
Calculate the greatest common divisor of 177 and 16.
1
What is the greatest common factor of 1 and 29?
1
Calculate the greatest common divisor of 17024 and 28.
28
Calculate the highest common divisor of 2688 and 1512.
168
What is the highest common divisor of 783 and 6?
3
What is the greatest common factor of 19 and 1?
1
What is the highest common divisor of 5427 and 2211?
201
What is the highest common divisor of 83 and 83?
83
Calculate the highest common divisor of 14 and 4067.
7
Calculate the highest common divisor of 11690 and 56.
14
What is the greatest common divisor of 474 and 66?
6
Calculate the greatest common factor of 3 and 183.
3
What is the highest common factor of 1539 and 114?
57
What is the highest common divisor of 3 and 2487?
3
Calculate the highest common divisor of 9614 and 209.
209
What is the greatest common factor of 56 and 40?
8
What is the highest common factor of 240 and 380?
20
Calculate the greatest common factor of 386 and 26.
2
What is the greatest common factor of 1449 and 63?
63
Calculate the greatest common divisor of 20 and 80.
20
Calculate the highest common divisor of 47235 and 67.
67
What is the highest common factor of 3180 and 180?
60
Calculate the highest common divisor of 290 and 10.
10
Calculate the highest common divisor of 20 and 460.
20
Calculate the highest common divisor of 10635 and 15.
15
Calculate the highest common factor of 57 and 111.
3
Calculate the greatest common divisor of 39 and 13.
13
What is the greatest common factor of 2382 and 12?
6
What is the greatest common divisor of 115 and 14375?
115
What is the greatest common factor of 105 and 25795?
35
Calculate the greatest common divisor of 36 and 9.
9
What is the highest common factor of 880 and 104?
8
Calculate the greatest common divisor of 564 and 3.
3
Calculate the greatest common factor of 130 and 15.
5
What is the highest common divisor of 3 and 879?
3
What is the greatest common divisor of 10 and 45?
5
Calculate the highest common divisor of 9 and 117.
9
Calculate the highest common divisor of 980 and 700.
140
Calculate the greatest common factor of 33 and 11.
11
What is the highest common factor of 13 and 3?
1
What is the highest common divisor of 616 and 11616?
88
What is the highest common factor of 59 and 59?
59
What is the highest common factor of 33 and 55?
11
Calculate the greatest common factor of 95 and 19.
19
Calculate the greatest common factor of 7181 and 387.
43
Calculate the greatest common divisor of 334 and 9185.
167
Calculate the highest common divisor of 168 and 42.
42
Calculate the highest common divisor of 6031 and 163.
163
Calculate the greatest common divisor of 84 and 18186.
42
What is the highest common divisor of 25 and 43?
1
What is the highest common factor of 128 and 5184?
64
What is the greatest common divisor of 155 and 1147?
31
Calculate the greatest common divisor of 14 and 798.
14
What is the highest common divisor of 1936 and 32?
16
Calculate the highest common factor of 2 and 293.
1
Calculate the greatest common factor of 20 and 268.
4
What is the highest common factor of 69060 and 60?
60
Calculate the highest common factor of 85 and 40.
5
What is the greatest common divisor of 116 and 145?
29
What is the highest common factor of 4163 and 69?
23
What is the greatest common factor of 1216 and 2496?
64
What is the greatest common divisor of 117 and 234?
117
Calculate the greatest common factor of 196 and 16.
4
What is the highest common divisor of 1141 and 6031?
163
What is the greatest common factor of 27 and 6?
3
Calculate the greatest common divisor of 1007 and 53.
53
What is the greatest common divisor of 17 and 158270?
17
What is the greatest common divisor of 9 and 357?
3
What is the greatest common divisor of 98 and 4802?
98
What is the highest common divisor of 588 and 6321?
147
What is the greatest common divisor of 136 and 2057?
17
Calculate the greatest common divisor of 5 and 40895.
5
Calculate the greatest common factor of 4 and 68.
4
What is the greatest common divisor of 187 and 17?
17
What is the greatest common factor of 110 and 242?
22
What is the highest common factor of 100 and 1725?
25
Calculate the highest common factor of 88 and 572.
44
Calculate the highest common divisor of 13 and 637.
13
Calculate the greatest common factor of 629 and 17.
17
Calculate the highest common divisor of 175 and 7.
7
Calculate the greatest common divisor of 943 and 92.
23
Calculate the highest common divisor of 2881 and 43.
43
Calculate the highest common factor of 84 and 102.
6
Calculate the greatest common factor of 6 and 156.
6
What is the highest common divisor of 1800 and 1278?
18
What is the highest common factor of 48 and 3048?
24
Calculate the highest common factor of 5 and 40.
5
Calculate the greatest common factor of 873 and 1261.
97
Calculate the highest common factor of 950 and 350.
50
What is the greatest common factor of 20 and 3820?
20
Calculate the highest common factor of 74 and 185.
37
What is the highest common divisor of 6629 and 49?
7
What is the highest common divisor of 284 and 994?
142
What is the highest common factor of 207 and 1179?
9
Calculate the highest common factor of 33 and 121.
11
What is the greatest common factor of 6 and 2868?
6
Calculate the highest common factor of 71 and 781.
71
What is the greatest common factor of 108 and 7074?
54
Calculate the greatest common divisor of 40 and 970.
10
Calculate the greatest common factor of 327 and 218.
109
Calculate the greatest common factor of 37541 and 217.
217
What is the greatest common factor of 1547 and 68?
17
What is the highest common factor of 105 and 28?
7
What is the greatest common divisor of 2754 and 108?
54
What is the highest common divisor of 12 and 36?
12
Calculate the highest common divisor of 4141 and 808.
101
Calculate the greatest common divisor of 2006 and 918.
34
Calculate the greatest common factor of 116 and 29.
29
Calculate the greatest common divisor of 109 and 1.
1
What is the greatest common divisor of 4 and 788?
4
Calculate the greatest common divisor of 540 and 380.
20
What is the highest common factor of 182 and 9828?
182
What is the highest common factor of 115 and 23?
23
Calculate the highest common divisor of 5 and 160.
5
Calculate the highest common factor of 9647 and 154.
11
Calculate the highest common factor of 1524 and 12.
12
What is the greatest common factor of 5684 and 116?
116
Calculate the greatest common factor of 590 and 170.
10
Calculate the highest common factor of 724 and 4.
4
What is the greatest common divisor of 1411 and 119?
17
Calculate the greatest common divisor of 117 and 52.
13
Calculate the highest common divisor of 63 and 417.
3
What is the greatest common factor of 123 and 205?
41
What is the highest common factor of 374 and 544?
34
What is the greatest common factor of 4560 and 180?
60
What is the highest common factor of 45 and 480?
15
What is the highest common factor of 27 and 23?
1
What is the greatest common divisor of 3905 and 497?
71
What is the greatest common divisor of 675 and 1080?
135
Calculate the greatest common divisor of 2460 and 2400.
60
What is the greatest common divisor of 119 and 561?
17
Calculate the greatest common factor of 12 and 2103.
3
What is the highest common factor of 3262 and 14?
14
Calculate the highest common divisor of 18 and 18.
18
What is the greatest common factor of 459 and 2601?
153
Calculate the highest common factor of 1463 and 847.
77
Calculate the highest common divisor of 162 and 882.
18
What is the highest common divisor of 108 and 54?
54
Calculate the greatest common factor of 225 and 600.
75
Calculate the highest common divisor of 4667 and 26.
13
What is the highest common divisor of 95 and 8360?
95
What is the highest common divisor of 51 and 39049?
17
What is the greatest common factor of 3110 and 10?
10
Calculate the greatest common factor of 472 and 295.
59
Calculate the greatest common factor of 413 and 118.
59
Calculate the greatest common factor of 5550 and 600.
150
Calculate the greatest common factor of 91 and 10283.
91
What is the highest common divisor of 84 and 21?
21
Calculate the greatest common divisor of 1107 and 287.
41
Calculate the greatest common divisor of 39 and 52